221020
In base 4, what is 11000023 - -2?
11000031
In base 6, what is -3004 - 205?
-3213
In base 3, what is 0 - -102020202?
102020202
In base 7, what is -1652 + 200?
-1452
In base 3, what is 1122 - -101220?
110112
In base 15, what is -1b2a - -1?
-1b29
In base 11, what is -12 + -20?
-32
In base 8, what is -12 - 3230163?
-3230175
In base 11, what is 1492 + 736?
2118
In base 8, what is -10512 - -305?
-10205
In base 8, what is -15551 - 12?
-15563
In base 4, what is -3113 + -1032?
-10211
In base 6, what is 221033 - -10?
221043
In base 13, what is 15690 + -3?
1568a
In base 8, what is 4 + -667345?
-667341
In base 6, what is -233435 + -3?
-233442
In base 12, what is 7 - 683a1?
-68396
In base 5, what is 21121 - -10?
21131
In base 9, what is -1023 + -860?
-1883
In base 12, what is -5 - -9874?
986b
In base 9, what is -723 - -25?
-687
In base 5, what is -111130 + 4410?
-101220
In base 15, what is 3316 - -e9?
3410
In base 7, what is 1165153 - -13?
1165166
In base 3, what is -21010 + 101010?
10000
In base 16, what is -1 + -56165?
-56166
In base 4, what is -3120211 + 3?
-3120202
In base 3, what is 1 + 110020000?
110020001
In base 8, what is -7 + 51641?
51632
In base 8, what is 203 - 104?
77
In base 7, what is -145 + -10615?
-11063
In base 6, what is -424552 - 3?
-424555
In base 6, what is -1031023 + -5?
-1031032
In base 11, what is a94 - 252?
842
In base 16, what is -5 - 28941?
-28946
In base 15, what is -1bc45 - 4?
-1bc49
In base 4, what is 13031123 - 201?
13030322
In base 5, what is 103123123 + 4?
103123132
In base 14, what is -18 - 8d95?
-8dad
In base 5, what is -4 - -34434?
34430
In base 11, what is 231 + -545?
-314
In base 4, what is 1220220 + 10?
1220230
In base 9, what is -14 - -67178?
67164
In base 13, what is 1588 - 10?
1578
In base 5, what is -3 + 3040404?
3040401
In base 10, what is 82957 - -53?
83010
In base 4, what is -10020320 - 23?
-10021003
In base 9, what is -62 - -417?
345
In base 16, what is 29 - -c1?
ea
In base 4, what is -2013 - -2231?
212
In base 9, what is -1 - 74036?
-74037
In base 9, what is 1122 - 1045?
66
In base 7, what is 221 - 10115?
-6564
In base 16, what is 2a4f4 + 2?
2a4f6
In base 11, what is -2a6aa + -4?
-2a703
In base 6, what is -32522 - 10?
-32532
In base 14, what is 5d726 - -4?
5d72a
In base 10, what is -968 + 643?
-325
In base 13, what is -cb1a - 3?
-cb20
In base 12, what is -87ba + -31?
-882b
In base 6, what is -2012522 + -3?
-2012525
In base 12, what is -1 - -5197?
5196
In base 13, what is -1317c2 + -5?
-1317c7
In base 16, what is 395 - 2a?
36b
In base 4, what is -20221021 - -33?
-20220322
In base 4, what is -2011330 - -12?
-2011312
In base 4, what is 2110 - 111223?
-103113
In base 5, what is 114 - 124423?
-124304
In base 10, what is 2 - -277896?
277898
In base 3, what is 211 - -1022121211?
1022122122
In base 6, what is -5225404 + 2?
-5225402
In base 3, what is -10 - 1122121121?
-1122121201
In base 7, what is -30 - -3001?
2641
In base 6, what is 21402 + -35?
21323
In base 12, what is -1 + 37b8b?
37b8a
In base 7, what is -2316 + 1641?
-345
In base 13, what is 7aa - -5?
7b2
In base 12, what is -13 - -4b08?
4ab5
In base 2, what is 1000011011111010 - -101?
1000011011111111
In base 13, what is 1 - -5a1?
5a2
In base 4, what is 21 + -2211220?
-2211133
In base 10, what is -14 + 11591?
11577
In base 14, what is 1361 - 8a?
12b5
In base 15, what is -754a9 + 4?
-754a5
In base 8, what is 77 - -20375?
20474
In base 8, what is -726 - 14?
-742
In base 10, what is -217 + 2550?
2333
In base 6, what is -51 - -1233020?
1232525
In base 4, what is 3331121 - -11?
3331132
In base 8, what is -6 - -25163?
25155
In base 4, what is 0 - 1200222?
-1200222
In base 3, what is 110020000210 + 2?
110020000212
In base 14, what is -b3a - -912?
-228
In base 9, what is 17140 - 2?
17137
In base 4, what is 10123101331 - 10?
10123101321
In base 2, what is 1111011110100010 + 11?
1111011110100101
In base 4, what is 212300 + -21032?
131202
In base 16, what is -1 - -11163?
11162
In base 3, what is 10101011022001 - -12?
10101011022020
In base 2, what is 10 - 100010101111111011?
-100010101111111001
In base 2, what is -10011 + -1110011101111?
-1110100000010
In base 12, what is -1652 - -1?
-1651
In base 2, what is -10001000100001 - -1000010011?
-10000000001110
In base 8, what is -1 + 1625?
1624
In base 6, what is -3355224 - -5?
-3355215
In base 9, what is 2571441 + -5?
2571435
In base 14, what is -17628 + -4?
-1762c
In base 2, what is -1111110111 - 1101011?
-10001100010
In base 7, what is 146213 + -4?
146206
In base 9, what is -17888 - 4?
-18003
In base 5, what is -3041 - -2201?
-340
In base 3, what is 2111221 + -101?
2111120
In base 13, what is 66940 - -3?
66943
In base 16, what is 6b - -375?
3e0
In base 15, what is -42c + 4c?
-3d0
In base 11, what is -1 - 5402?
-5403
In base 15, what is -5ec7 + -10?
-5ed7
In base 11, what is -2515 - -3?
-2512
In base 7, what is 4333 + 2423?
10056
In base 3, what is -1122 - -21002?
12110
In base 7, what is -5 - -2650355?
2650350
In base 4, what is -100 + -3013100?
-3013200
In base 12, what is 152a9 + 7?
152b4
In base 7, what is 131 + -66?
32
In base 9, what is 2 - 472817?
-472815
In base 10, what is -1 - -6108?
6107
In base 5, what is -1 + 421322?
421321
In base 3, what is -1211111 + -11202000?
-20120111
In base 14, what is -8b3d5 + -5?
-8b3da
In base 10, what is 1 - 1399388?
-1399387
In base 10, what is 158 + -331?
-173
In base 6, what is 200242502 + 2?
200242504
In base 8, what is 202400 - -5?
202405
In base 14, what is -495a2 + 6?
-4959a
In base 9, what is -388 + -372?
-771
In base 9, what is 0 + -4384?
-4384
In base 6, what is 1421521 - 4?
1421513
In base 2, what is 100101 - 100101001?
-100000100
In base 7, what is 0 + -55406?
-55406
In base 11, what is 645 + 122?
767
In base 4, what is -3333 - -11313?
1320
In base 12, what is -6 - -27107?
27101
In base 14, what is -4 + 33b8c?
33b88
In base 12, what is -92332 + -6?
-92338
In base 14, what is 245 - -585?
7ca
In base 6, what is 3 + -101305?
-101302
In base 5, what is 1 - -141232221?
141232222
In base 11, what is -1 + 9100?
90aa
In base 3, what is 10202212000 - -11?
10202212011
In base 6, what is -3325554 + 0?
-3325554
In base 13, what is -326 - 4a89?
-50b2
In base 10, what is -615131 + 3?
-615128
In base 4, what is -1123022101 + 3?
-1123022032
In base 4, what is 2011210 - 12?
2011132
In base 15, what is 270 - -3?
273
In base 7, what is -6402 - -20?
-6352
In base 13, what is -65 - 86?
-11b
In base 4, what is -30200 - -133?
-30001
In base 16, what is 279f + -65?
273a
In base 13, what is -5 - -9a291?
9a289
In base 13, what is 38b + 1b2?
570
In base 2, what is -1110001101101000 - -11?
-1110001101100101
In base 5, what is -344322 + -4210?
-404032
In base 16, what is -163a + 1?
-1639
In base 12, what is -b + 16ba8?
16b99
In base 5, what is 11030114 + -3?
11030111
In base 13, what is -51 + 5416?
5395
In base 2, what is -111100011111 + -1110010111?
-1001010110110
In base 2, what is -11100111111 + 11?
-11100111100
In base 10, what is 1 + -542001?
-542000
In base 8, what is -7442 + -65?
-7527
In base 9, what is 30661 - -26?
30687
In base 14, what is 60 + -183?
-123
In base 6, what is -21 + -10405?
-10430
In base 5, what is 0 + -241432?
-241432
In base 16, what is 32 + -9b50?
-9b1e
In base 16, what is f - -1c37?
1c46
In base 7, what is 4401 - 4?
4364
In base 13, what is 2 + -3527b?
-35279
In base 5, what is 1 + -103224?
-103223
In base 9, what is -257 - 3866?
-4234
In base 6, what is -3435211 + -5?
-3435220
In base 8, what is -3 + 1260721?
1260716
In base 12, what is -5 + 1261a2?
126199
In base 15, what is -7423e - -4?
-7423a
In base 10, what is -321 + -950?
-1271
In base 5, what is -30434 + -2?
-30441
In base 16, what is 1 + 3c4e?
3c4f
In base 5, what is -1003402 + 3?
-1003344
In base 12, what is -3 + -5a24?
-5a27
In base 5, what is 1102 - 211243?
-210141
In base 8, what is 6 + -1414?
-1406
In base 10, what is 1 - 72722?
-72721
In base 8, what is -13570 + 206?
-13362
In base 5, what is -3303 - -20242?
11434
In base 14, what is -b139c - -9?
-b1393
In base 6, what is 2250 - -203?
2453
In base 10, what is -87792 + 3?
-87789
In base 3, what is 1021010 + 11011111?
12102121
In base 11, what is -161a - 2?
-1621
In base 14, what is -ba78 + 9?
-ba6d
In base 8, what is -5 + -2766?
-2773
In base 14